) + 4*x(b). Let k be ((-2)/6)/(1/3) + 6. Calculate t(k).
24
Let q(o) = o. Let z = 168 - 29. Suppose -4*h - z - 21 = 0. Let w = h + 36. Calculate q(w).
-4
Let h = -15160 - -15171. Let i(k) = k**2 - 7*k - 63. Calculate i(h).
-19
Let r(k) = -k**2 - 4*k + 3. Suppose -4*u = -3*d + 8 + 14, -u = 2*d. Let x(b) = 2*b**2 + 25*b - b**3 + 0*b + 3 - 29*b. Let l be x(d). What is r(l)?
-2
Let o(a) = -a - 9. Suppose 2*c = -16*c + 126. Suppose d + c + 0 = 0. Give o(d).
-2
Let r(c) = -27*c - 65. Let p(k) = -1093*k - 2188. Let n be p(-2). Give r(n).
-11
Let t(z) be the second derivative of 1/2*z**4 - 7/2*z**2 + 16 + z + 2/3*z**3 + 1/20*z**5. Determine t(-5).
-2
Let q(v) = 53539 - 13*v**2 + 3*v - v**3 - 53537 + 3*v**3. Determine q(5).
-58
Suppose 8 = -0*y - 4*y. Let n(d) = -6*d - 2. Let a be n(y). Let v(s) = 120*s + 119*s + 124*s - 362*s - 8 - 2. Calculate v(a).
0
Let h(v) be the second derivative of 2*v**4/3 - 7*v**3/6 + 2*v**2 + 3*v - 158. Calculate h(2).
22
Let v(u) = -6*u + 11. Suppose 0 = -105*q + 89*q + 144. Give v(q).
-43
Let d(s) = -2*s - 1. Let k(g) = g. Let c(n) = 2*d(n) + 3*k(n). Let p(u) = -u**3 - 6*u**2 - 2*u - 1. Let j be p(-5). Let z = j - -18. Give c(z).
-4
Let z(k) = -2*k**2 - 5*k - 2. Let d be 0 - 1/(((-28)/8)/(-7)). Let c be (-3 - d)/(2 - (-46)/(-22)). Let p = 8 - c. What is z(p)?
-5
Let m be 14/21*3/2. Let x(n) = 8*n - 3. Let d(i) = -i + 1. Let q(p) = m*x(p) + 2*d(p). Let r = -1 - 0. What is q(r)?
-7
Let u(k) = 38*k - 30*k + k**2 + 10*k + 36 - 28*k. Calculate u(4).
12
Let a be (-13)/5 + (-2)/5. Let s be ((-5)/3 + -1)/((-92)/138). Let r(m) = 0*m + s*m - m + 3. Calculate r(a).
-6
Let w(b) = b - 1. Let u(z) = 4*z**2 - 10*z + 6. Let l(y) = u(y) + 3*w(y). Let o be l(3). Let k(i) = 2*i**2 + 6*i + i**3 + 11*i - o*i. Calculate k(-2).
2
Let a(n) be the third derivative of n**7/1680 - n**6/80 - 31*n**5/60 - 2*n**2 - 50. Let x(i) be the third derivative of a(i). What is x(9)?
18
Let j be -2*(2 - 1)*36/(-24). Suppose j*l + z + 0 = 11, -5*l - z = -15. Let k(o) = 3*o. What is k(l)?
6
Let g(x) = x**3 + 11*x**2 + 25*x + 12. Let t(d) = -d**2 + 44*d - 467. Let k be t(27). Determine g(k).
4
Let t(o) be the third derivative of -o**5/10 - 7*o**4/24 - o**3/6 - o**2 - o. Let b(q) = -17*q**2 - 20*q - 2. Let r(p) = -4*b(p) + 11*t(p). Calculate r(2).
11
Let a = -8 - -2. Let i(d) = -3. Let v(j) = -j + j + 5*j - 7*j + 8. Let f(l) = -3*i(l) - v(l). Determine f(a).
-11
Let w(x) be the first derivative of -x**2/2 + 2*x + 592. Let z(c) = c**3 - 3*c**2 + 7*c - 5. Let q be z(2). Give w(q).
-3
Let i(w) = 6*w**3 - 8*w**2 + 10*w + 19. Let z(p) = -2*p**3 + p**2 - 12*p + 3. Let l(a) = i(a) + 2*z(a). Calculate l(4).
1
Let s(v) be the second derivative of v**6/120 - 2*v**5/15 + v**4/4 + 4*v**3/3 + 20*v**2 + 50*v - 1. Let r(t) be the first derivative of s(t). Calculate r(7).
1
Let k(i) = 41*i**2 - 6*i + 1. Let g(x) = -x**2 - 2*x + 1. Let y(u) = -2*g(u) + k(u). Calculate y(-1).
44
Suppose -4*k + 61*w = 65*w - 100, -4*k + 3*w + 72 = 0. Let j(l) = 2*l**2 - 43*l + 10. Determine j(k).
-11
Let x(u) = -3*u**2 - 38*u - 6. Suppose -4*q - 19*q + 69 = 0. Let h(c) = 10*c**2 - 11*c**2 - 2 - 13*c + 0*c. Let g(f) = q*x(f) - 8*h(f). What is g(-10)?
-2
Suppose m = -2*q + 1, 3*m + 7 = -8. Let c(i) = -7*i + q*i + 3 + 3*i. What is c(6)?
-3
Let u(d) = 3*d**2 + 3*d - 13. Let x be u(2). Suppose t + 2 + 0 = 0, -x*t = -2*k + 22. Let i(o) = -o**3 + 6*o**2 - o + 4. Calculate i(k).
-2
Let h(j) be the first derivative of -2*j**3 - j + 4299. Let f = 0 - 1. What is h(f)?
-7
Let i(f) = -9*f + 85 - f**3 + f**2 - 87 + 11*f**2 + 2*f**2 - 3*f**2. Calculate i(9).
79
Let h(q) = 10*q - 168 + 498 - 167 - 159 - 4*q + 4*q**3 + 9*q**2. Give h(-2).
-4
Let m(h) = 2*h**3 - 21*h**2 - 4*h - 10. Let d be m(11). Let y(z) = 0 - 6*z**2 - d*z + 71*z - 2 + z**3. Let t(q) = q - 13. Let g be t(19). What is y(g)?
22
Let j(l) be the second derivative of l**4/12 - 46*l**2 + 6164*l. Calculate j(-10).
8
Let d = -33806 - -33805. Let m(h) = 8*h**2 - 10*h + 4. Let w(j) = 3*j**2 - 3*j + 1. Let t(v) = -2*m(v) + 7*w(v). Calculate t(d).
5
Suppose 0 = o + 148 - 142. Let s(r) = -r**3 - 7*r**2 + 2*r + 47. Determine s(o).
-1
Let o(i) = -2*i**2 - 9*i + 13. Let w(c) = -c**3 - 51*c**2 - 5. Let a be w(-51). Calculate o(a).
8
Let g be 3*(-138)/(-9) - (-8 + 7). Let o = 52 - g. Let j(p) = 12 + o*p + p**2 + p - 9. Give j(-5).
-2
Let h(c) = -5*c - 20. Suppose -55*t + 22 = -2*m - 54*t, 3*m - 2*t + 30 = 0. Determine h(m).
50
Let l(h) = 2*h**2 + 2*h**2 + 13 - 3*h**2 - 10*h. Suppose -z = -2*q - 3*q - 31, 3*q = -5*z + 15. Let u be 4 + 12 - (z + 1). Determine l(u).
4
Let t(k) = -k**2 + 9*k - 7. Suppose 51 = -27*j + 32*j - 2*w, 0 = 4*j - 2*w - 42. What is t(j)?
-7
Suppose 177 = -f - 5*d, -3*f - 339 = -f - 5*d. Let r = -167 - f. Let o(m) = -2*m + 7. Determine o(r).
-3
Let u(w) = w**2 + w - 405. Let n(y) = -y - 74. Let c(j) = 3*n(j) - u(j). Determine c(12).
-9
Let p be (-9)/18 - (-20)/8. Let a = -57 - -57. Let k(l) = 5 + 2 - 6 + a + l. Determine k(p).
3
Let q(w) = 3*w**3 - 4*w**2 - 19*w + 22. Let p be q(1). Let l(v) = -13*v**2 + 3*v - 3. Determine l(p).
-49
Let s(y) = y**2 - 7*y + 4. Let j(v) = 2*v**3 - 6*v**2 - v - 4. Let n(c) = -c**3 + 1. Let u(b) = j(b) + 3*n(b). Let h be u(-6). Calculate s(h).
-6
Let b(x) = -2 + 50*x - 17*x - 10*x - x**2 + 2 - 16. Determine b(22).
6
Let z(n) be the second derivative of n**4/12 - 4*n**3/3 - n**2/2 - 2481*n. Determine z(9).
8
Let o(d) = -d**3 - 3*d**2 + 5*d. Let w = 28 + -12. Let r = w - -12. Let f = -32 + r. Determine o(f).
-4
Let j(m) = -17*m**3 + 14*m**2 + 27*m - 8. Let i(s) = 93*s**3 - 71*s**2 - 134*s + 38. Let z(y) = 2*i(y) + 11*j(y). Give z(14).
2
Let m = 77 - 60. Suppose 2*j = 4*u - 4, 5*j - 6 - m = -u. Let l(o) = 0*o + 5 - u - 2*o. Give l(2).
-2
Suppose 149*p - 150 = 179*p. Let h(c) be the third derivative of -c**6/120 - c**5/15 + c**4/6 + 5*c**3/6 - 3*c**2. Calculate h(p).
10
Suppose 0 = 2*p - 2*g + 8, -3*p - 2*g + 2 = p. Let v(u) = u**2 + 1. Let y be v(p). Let n(l) = l**y - l + 8 - 2*l - 5*l. What is n(6)?
-4
Let a(b) = -b - 5*b + 25 + 23 + 30 - 113. Calculate a(-7).
7
Let b(i) = i**3 + 35*i**2 + 3*i + 101. Suppose 34 + 487 = -29*v - 494. Calculate b(v).
-4
Let k(y) = -2*y**2 + 57*y - 397. Let m be k(13). Let z(o) = 6*o - 46. Determine z(m).
-10
Let d(h) = -h**3 + 8*h**2 - 6*h - 3. Let q = 2670 + -2664. What is d(q)?
33
Let m(o) = -34*o + 12*o + 16*o - 289 + 11*o + 10*o. Determine m(19).
-4
Let v = -533 + 537. Suppose 2*m + 5*c - 18 = 0, 2*m + c - 12 = -c. Let f(k) = -3 - 8*k + 2*k + m*k. Calculate f(v).
-11
Let k(o) = o**2 + 8*o + 4. Let g(b) = -2*b**3 - 35*b**2 + 56*b - 25. Let u be g(-19). Calculate k(u).
-8
Suppose 4*s - 142 = -3*h, -3*h + 13*s - 8*s = -187. Suppose -62*y + h*y = 0. Let m(w) = -3 - 4 - w**3 + 5 - w**2. Determine m(y).
-2
Let u(r) = 5*r + 24. Let s(q) = 11*q + 52. Suppose 4*o = 3*i - 14, -i + 2*o - 12 = 4*o. Let h(x) = i*s(x) + 5*u(x). Calculate h(-5).
1
Let z(x) be the second derivative of -3*x**5/20 + x**3/6 - 111*x**2/2 - 53*x. Let f(p) be the first derivative of z(p). Give f(-1).
-8
Let p be (0 + 18/30)/((-4)/20). Let l(o) = 15*o**2 + 2*o - 2. Determine l(p).
127
Let l(x) = -x**3 - 8*x**2 + 17*x + 33. Let p be (4/28)/((-84)/5292). What is l(p)?
-39
Let u(i) be the first derivative of -i**3/3 + 2*i**2 - 166. Let m(q) = q**3 + q**2 - q. Let a(d) = 3*m(d) + u(d). Let x = -1 + 0. Calculate a(x).
-2
Let j be (-16)/(-6) + 2280/360. Let l(r) = -r**2 + 10*r - 10. What is l(j)?
-1
Suppose 173*l = 174*l + r + 8, -3*l - 5*r = 26. Let c(n) = -5*n - 1. Calculate c(l).
34
Let q(c) be the first derivative of -c**2/2 + 2. Let x be q(-2). Let i(f) = 2 + 1739*f**2 - 3484*f**2 - 2*f + f**3 + 1743*f**2. What is i(x)?
-2
Let z be 72/(-48) + (-3)/(-2). Let m(x) = x + 6. Let a(u) = -u - 7. Let f(g) = -7*a(g) - 6*m(g). Calculate f(z).
13
Let z(a) = -83 - 57*a + 29*a - a**3 + 28*a + 80 + 7*a**2. Let b = -15 + 22. Determine z(b).
-3
Let k(x) be the third derivative of -x**4/24 - 5*x**2. Let n = -57 + 63. Suppose -2*g - 2*j + 6 = 0, -n*g = -2*g + 5*j - 11. Calculate k(g).
-4
Let r(m) = -m**2 + 8*m - 4. Let u = 186 + -181. Let n be (-6)/18 + 16/3. Let h be n - u/((-25)/10). Calculate r(h).
3
Let h(i) = i**3 + 19*i**2 + 14*i - 12. Let y be (-2)/(-5) + 5 + (-234)/10. What is h(y)?
60
Let x = 1 + -3. Let r(d) = 44*d + 22*d - 95*d